{"id":4519,"date":"2019-09-24T22:52:49","date_gmt":"2019-09-25T01:52:49","guid":{"rendered":"http:\/\/www.dudainfo.com\/site\/?post_type=product&#038;p=4519"},"modified":"2019-09-25T11:32:17","modified_gmt":"2019-09-25T14:32:17","slug":"mao-de-obra-extra","status":"publish","type":"product","link":"https:\/\/www.dudainfo.com\/site\/product\/mao-de-obra-extra\/","title":{"rendered":"M\u00e3o de Obra de Servi\u00e7os Extras"},"content":{"rendered":"<p>Disponibiliza\u00e7\u00e3o de M\u00e3o de Obra de Servi\u00e7os Extras.<\/p>\n<p><strong>CONSULTE OS VALORES<\/strong><\/p>\n","protected":false},"excerpt":{"rendered":"<p>Disponibiliza\u00e7\u00e3o de M\u00e3o de Obra de Servi\u00e7os Extras. CONSULTE OS VALORES<\/p>\n","protected":false},"featured_media":4551,"comment_status":"open","ping_status":"closed","template":"","meta":[],"product_cat":[76,84],"product_tag":[],"class_list":{"0":"post-4519","1":"product","2":"type-product","3":"status-publish","4":"has-post-thumbnail","6":"product_cat-servicos","7":"product_cat-mao-obra-extra","9":"first","10":"instock","11":"shipping-taxable","12":"product-type-grouped"},"_links":{"self":[{"href":"https:\/\/www.dudainfo.com\/site\/wp-json\/wp\/v2\/product\/4519","targetHints":{"allow":["GET"]}}],"collection":[{"href":"https:\/\/www.dudainfo.com\/site\/wp-json\/wp\/v2\/product"}],"about":[{"href":"https:\/\/www.dudainfo.com\/site\/wp-json\/wp\/v2\/types\/product"}],"replies":[{"embeddable":true,"href":"https:\/\/www.dudainfo.com\/site\/wp-json\/wp\/v2\/comments?post=4519"}],"wp:featuredmedia":[{"embeddable":true,"href":"https:\/\/www.dudainfo.com\/site\/wp-json\/wp\/v2\/media\/4551"}],"wp:attachment":[{"href":"https:\/\/www.dudainfo.com\/site\/wp-json\/wp\/v2\/media?parent=4519"}],"wp:term":[{"taxonomy":"product_cat","embeddable":true,"href":"https:\/\/www.dudainfo.com\/site\/wp-json\/wp\/v2\/product_cat?post=4519"},{"taxonomy":"product_tag","embeddable":true,"href":"https:\/\/www.dudainfo.com\/site\/wp-json\/wp\/v2\/product_tag?post=4519"}],"curies":[{"name":"wp","href":"https:\/\/api.w.org\/{rel}","templated":true}]}}